{"id":1291,"date":"2019-10-14T18:38:40","date_gmt":"2019-10-14T18:38:40","guid":{"rendered":"https:\/\/www.digitaltrees.org\/?page_id=1291"},"modified":"2019-10-16T08:47:18","modified_gmt":"2019-10-16T08:47:18","slug":"brazilian-connection","status":"publish","type":"page","link":"https:\/\/www.digitaltrees.org\/index.php\/brazilian-connection\/","title":{"rendered":"Brazilian Connection"},"content":{"rendered":"\n<pre class=\"wp-block-preformatted\">O Brazilian Connection \u00e9 um semin\u00e1rio composto por palestras  e seguida por uma sess\u00e3o de um&nbsp;matchmaking, potencializadas pela plataforma digital MTECH, a fim de identificar parceiros tecnol\u00f3gicos e comerciais entre empresas e institui\u00e7\u00f5es de base tecnol\u00f3gica no eixo Brasil \u2013 Portugal.<\/pre>\n\n\n\n<div class=\"wp-block-image\"><figure class=\"aligncenter\"><img loading=\"lazy\" width=\"576\" height=\"1024\" src=\"https:\/\/www.digitaltrees.org\/wp-content\/uploads\/2019\/10\/Convite-Brazilian-Connection-2019-1-576x1024.jpg\" alt=\"\" class=\"wp-image-1307\" srcset=\"https:\/\/www.digitaltrees.org\/wp-content\/uploads\/2019\/10\/Convite-Brazilian-Connection-2019-1-576x1024.jpg 576w, https:\/\/www.digitaltrees.org\/wp-content\/uploads\/2019\/10\/Convite-Brazilian-Connection-2019-1-169x300.jpg 169w, https:\/\/www.digitaltrees.org\/wp-content\/uploads\/2019\/10\/Convite-Brazilian-Connection-2019-1-82x146.jpg 82w, https:\/\/www.digitaltrees.org\/wp-content\/uploads\/2019\/10\/Convite-Brazilian-Connection-2019-1-28x50.jpg 28w, https:\/\/www.digitaltrees.org\/wp-content\/uploads\/2019\/10\/Convite-Brazilian-Connection-2019-1-42x75.jpg 42w, https:\/\/www.digitaltrees.org\/wp-content\/uploads\/2019\/10\/Convite-Brazilian-Connection-2019-1.jpg 720w\" sizes=\"(max-width: 576px) 100vw, 576px\" \/><\/figure><\/div>\n\n\n\n<pre class=\"wp-block-preformatted\">As edi\u00e7\u00f5es ocorrem em parceria com a Associa\u00e7\u00e3o Portuguesa das Empresas das Tecnologias de Informa\u00e7\u00e3o e Electr\u00f3nica e da Associa\u00e7\u00e3o Brasileira das Empresas de Software, onde neste ano convidamos a Federa\u00e7\u00e3o das Associa\u00e7\u00f5es das Empresas Brasileiras de Tecnologia da Informa\u00e7\u00e3o.<br><\/pre>\n\n\n\n<pre class=\"wp-block-preformatted\">O local e hor\u00e1rio do semin\u00e1rio visa otimizar o aproveitamento dos participantes da delega\u00e7\u00e3o em um per\u00edodo de dif\u00edcil mobiliza\u00e7\u00e3o ao entorno do evento \u00e2ncora, permitindo que retornem ao hotel e ainda possam participar de outros compromissos \u00e0 noite.<\/pre>\n\n\n\n<div class=\"wp-block-image\"><figure class=\"aligncenter\"><a href=\"https:\/\/www.eventbrite.com\/e\/brazilian-connection-4a-edicao-tickets-76902783295\" target=\"_blank\" rel=\"noreferrer noopener\"><img loading=\"lazy\" width=\"359\" height=\"140\" src=\"https:\/\/www.digitaltrees.org\/wp-content\/uploads\/2019\/10\/INSCREVA-AQUI.jpg\" alt=\"\" class=\"wp-image-1277\" srcset=\"https:\/\/www.digitaltrees.org\/wp-content\/uploads\/2019\/10\/INSCREVA-AQUI.jpg 359w, https:\/\/www.digitaltrees.org\/wp-content\/uploads\/2019\/10\/INSCREVA-AQUI-300x117.jpg 300w, https:\/\/www.digitaltrees.org\/wp-content\/uploads\/2019\/10\/INSCREVA-AQUI-260x101.jpg 260w, https:\/\/www.digitaltrees.org\/wp-content\/uploads\/2019\/10\/INSCREVA-AQUI-50x19.jpg 50w, https:\/\/www.digitaltrees.org\/wp-content\/uploads\/2019\/10\/INSCREVA-AQUI-150x58.jpg 150w\" sizes=\"(max-width: 359px) 100vw, 359px\" \/><\/a><\/figure><\/div>\n","protected":false},"excerpt":{"rendered":"<p>O Brazilian Connection \u00e9 um semin\u00e1rio composto por palestras e seguida por uma sess\u00e3o de um&nbsp;matchmaking, potencializadas pela plataforma digital MTECH, a fim de identificar parceiros<span class=\"excerpt-hellip\"> [\u2026]<\/span><\/p>\n","protected":false},"author":1,"featured_media":0,"parent":0,"menu_order":0,"comment_status":"closed","ping_status":"closed","template":"","meta":[],"_links":{"self":[{"href":"https:\/\/www.digitaltrees.org\/index.php\/wp-json\/wp\/v2\/pages\/1291"}],"collection":[{"href":"https:\/\/www.digitaltrees.org\/index.php\/wp-json\/wp\/v2\/pages"}],"about":[{"href":"https:\/\/www.digitaltrees.org\/index.php\/wp-json\/wp\/v2\/types\/page"}],"author":[{"embeddable":true,"href":"https:\/\/www.digitaltrees.org\/index.php\/wp-json\/wp\/v2\/users\/1"}],"replies":[{"embeddable":true,"href":"https:\/\/www.digitaltrees.org\/index.php\/wp-json\/wp\/v2\/comments?post=1291"}],"version-history":[{"count":7,"href":"https:\/\/www.digitaltrees.org\/index.php\/wp-json\/wp\/v2\/pages\/1291\/revisions"}],"predecessor-version":[{"id":1314,"href":"https:\/\/www.digitaltrees.org\/index.php\/wp-json\/wp\/v2\/pages\/1291\/revisions\/1314"}],"wp:attachment":[{"href":"https:\/\/www.digitaltrees.org\/index.php\/wp-json\/wp\/v2\/media?parent=1291"}],"curies":[{"name":"wp","href":"https:\/\/api.w.org\/{rel}","templated":true}]}}