{"id":1225,"date":"2019-09-05T14:21:46","date_gmt":"2019-09-05T14:21:46","guid":{"rendered":"https:\/\/www.digitaltrees.org\/?page_id=1225"},"modified":"2019-09-05T14:21:47","modified_gmt":"2019-09-05T14:21:47","slug":"curadoria-em-missao-internacional","status":"publish","type":"page","link":"https:\/\/www.digitaltrees.org\/index.php\/curadoria-em-missao-internacional\/","title":{"rendered":"CURADORIA EM MISS\u00c3O INTERNACIONAL"},"content":{"rendered":"\n<p><strong>COMO FAZEMOS?<\/strong><\/p>\n\n\n\n<p><strong>Para a realiza\u00e7\u00e3o destes desafios, a DIGITAL TREES realiza consultorias, eventos, miss\u00f5es e caravanas tecnol\u00f3gicas entre ambos pa\u00edses e assessora na continuidade de diversos desdobramentos, al\u00e9m do desenvolvimento de um programa de incuba\u00e7\u00e3o tempor\u00e1ria denominado 3I\u00a0 e uma plataforma digital, a MTECH. Nossa proposta tamb\u00e9m prev\u00ea um caminho de m\u00e3o dupla, dando apoio \u00e0s empresas e institui\u00e7\u00f5es estrangeiras que buscam conhecer e se aproximar do mercado brasileiro.<\/strong><\/p>\n\n\n\n<div class=\"wp-container-3 wp-block-columns has-2-columns\">\n<div class=\"wp-container-1 wp-block-column\">\n<p><strong>PROGRAMA 3i<\/strong><\/p>\n\n\n\n<p><strong>O programa 3i (I2I+I)\u00a0compreende a integra\u00e7\u00e3o de incubadoras portuguesas e brasileiras para que startups de ambos pa\u00edses possam realizar um per\u00edodo de at\u00e9 3 meses de incuba\u00e7\u00e3o e capacita\u00e7\u00e3o em empreendedorismo, al\u00e9m de um coach para apoio em desenvolvimento de neg\u00f3cios e parcerias internacionais e capta\u00e7\u00e3o de recursos e acesso a investidores. Tamb\u00e9m ser\u00e1 avaliado se o empreendimento possui um projeto com voca\u00e7\u00f5es e objetivos inerentes aos propostas nas diversas incubadoras da rede de Incubadoras de Portugal. O programa se desenvolve na Regi\u00e3o Centro de Portugal, mas possui amplitude para toda Portugal e compreende a\u00e7\u00f5es em car\u00e1ter nacional e internacional.<\/strong><\/p>\n<\/div>\n\n\n\n<div class=\"wp-container-2 wp-block-column\">\n<p><strong>PLATAFORMA MTECH<\/strong><\/p>\n\n\n\n<p><strong>A MTECH &#8211; Match Technology (Plataforma online de Matchmaking e B2B),&nbsp;tem enfoque na promo\u00e7\u00e3o do encontro e continuidade para a constru\u00e7\u00e3o de pontes globais,&nbsp;tendo os pa\u00edses de origem ib\u00e9rica como territ\u00f3rios base e a ponte luso brasileira como eixo central deste processo. Trata-se de uma comunidade de&nbsp;colabora\u00e7\u00e3o, neg\u00f3cios, parcerias, apoio \u00e0 incuba\u00e7\u00e3o, desafios, ideias&nbsp;e&nbsp;capta\u00e7\u00e3o de recursos&nbsp;na ind\u00fastria das TICs e ecossistemas de C&amp;T+I.&nbsp;<\/strong><\/p>\n<\/div>\n<\/div>\n\n\n\n<div class=\"wp-container-4 wp-block-columns has-2-columns\"><\/div>\n\n\n\n<p><strong>NOSSA PROPOSTA<\/strong><\/p>\n\n\n\n<p><strong>Organizamos delega\u00e7\u00f5es pr\u00f3prias e oferecemos a curadoria para terceiros, com o prop\u00f3sito de permitir aos integrantes da delega\u00e7\u00e3o, um conhecimento e aproxima\u00e7\u00e3o maior com o mercado TIC e de P&amp;D+I no pa\u00eds proposto, atrav\u00e9s da promo\u00e7\u00e3o de visitas t\u00e9cnicas, <em>workshops<\/em>, <em>webinars, <\/em>ferramentas digitais, indica\u00e7\u00e3o de eventos \u00e2ncoras e <em>roundtables.<\/em>.<\/strong><\/p>\n\n\n\n<div class=\"wp-container-7 wp-block-columns has-2-columns\">\n<div class=\"wp-container-5 wp-block-column\">\n<p><strong>P\u00daBLICO <\/strong><\/p>\n\n\n\n<ul><li><strong>STARTUPS<\/strong><\/li><\/ul>\n\n\n\n<ul><li><strong>EMPRESAS CONSOLIDADAS<\/strong><\/li><\/ul>\n\n\n\n<ul><li><strong>CENTROS DE P&amp;D+I<\/strong><\/li><\/ul>\n\n\n\n<ul><li><strong>GOVERNOS<\/strong><\/li><\/ul>\n\n\n\n<ul><li><strong>UNIVERSIDADES<\/strong><\/li><\/ul>\n<\/div>\n\n\n\n<div class=\"wp-container-6 wp-block-column\">\n<p><strong>ATUA\u00c7\u00d5ES<\/strong><\/p>\n\n\n\n<ul><li><strong>COLABORA\u00c7\u00c3O INTERNACIONAL EM P&amp;D+I<\/strong><\/li><\/ul>\n\n\n\n<ul><li><strong>PARCERIAS COMERCIAIS E TECNOL\u00d3GICAS<\/strong><\/li><\/ul>\n\n\n\n<ul><li><strong>INTERNACIONALIZA\u00c7\u00c3O DE STARTUPS<\/strong><\/li><\/ul>\n<\/div>\n<\/div>\n","protected":false},"excerpt":{"rendered":"<p>COMO FAZEMOS? Para a realiza\u00e7\u00e3o destes desafios, a DIGITAL TREES realiza consultorias, eventos, miss\u00f5es e caravanas tecnol\u00f3gicas entre ambos pa\u00edses e assessora na continuidade de diversos<span class=\"excerpt-hellip\"> [\u2026]<\/span><\/p>\n","protected":false},"author":1,"featured_media":0,"parent":0,"menu_order":0,"comment_status":"closed","ping_status":"closed","template":"","meta":[],"_links":{"self":[{"href":"https:\/\/www.digitaltrees.org\/index.php\/wp-json\/wp\/v2\/pages\/1225"}],"collection":[{"href":"https:\/\/www.digitaltrees.org\/index.php\/wp-json\/wp\/v2\/pages"}],"about":[{"href":"https:\/\/www.digitaltrees.org\/index.php\/wp-json\/wp\/v2\/types\/page"}],"author":[{"embeddable":true,"href":"https:\/\/www.digitaltrees.org\/index.php\/wp-json\/wp\/v2\/users\/1"}],"replies":[{"embeddable":true,"href":"https:\/\/www.digitaltrees.org\/index.php\/wp-json\/wp\/v2\/comments?post=1225"}],"version-history":[{"count":1,"href":"https:\/\/www.digitaltrees.org\/index.php\/wp-json\/wp\/v2\/pages\/1225\/revisions"}],"predecessor-version":[{"id":1226,"href":"https:\/\/www.digitaltrees.org\/index.php\/wp-json\/wp\/v2\/pages\/1225\/revisions\/1226"}],"wp:attachment":[{"href":"https:\/\/www.digitaltrees.org\/index.php\/wp-json\/wp\/v2\/media?parent=1225"}],"curies":[{"name":"wp","href":"https:\/\/api.w.org\/{rel}","templated":true}]}}