{"id":1021,"date":"2018-11-26T10:37:29","date_gmt":"2018-11-26T10:37:29","guid":{"rendered":"https:\/\/www.digitaltrees.org\/?page_id=1021"},"modified":"2018-11-26T11:07:18","modified_gmt":"2018-11-26T11:07:18","slug":"eventos","status":"publish","type":"page","link":"https:\/\/www.digitaltrees.org\/index.php\/eventos\/","title":{"rendered":"EVENTOS"},"content":{"rendered":"<p>Dentro dos pilares da Colabora\u00e7\u00e3o Continua, a Digital Trees desenvolve o conceito de aproxima\u00e7\u00e3o aos seus colaboradores, parceiros, clientes e amigos, com intuito de promover intera\u00e7\u00e3o de todos com todos. Nossos eventos se iniciam e terminam, mas a possibilidade de interatividade nunca acaba. Conheca e participe dos Eventos da Digital Trees!<\/p>\n<p><img loading=\"lazy\" class=\"size-full wp-image-189 alignleft\" src=\"https:\/\/www.digitaltrees.org\/wp-content\/uploads\/2017\/04\/digital_tree.jpg\" alt=\"\" width=\"531\" height=\"409\" srcset=\"https:\/\/www.digitaltrees.org\/wp-content\/uploads\/2017\/04\/digital_tree.jpg 531w, https:\/\/www.digitaltrees.org\/wp-content\/uploads\/2017\/04\/digital_tree-300x231.jpg 300w, https:\/\/www.digitaltrees.org\/wp-content\/uploads\/2017\/04\/digital_tree-190x146.jpg 190w, https:\/\/www.digitaltrees.org\/wp-content\/uploads\/2017\/04\/digital_tree-50x39.jpg 50w, https:\/\/www.digitaltrees.org\/wp-content\/uploads\/2017\/04\/digital_tree-97x75.jpg 97w\" sizes=\"(max-width: 531px) 100vw, 531px\" \/><\/p>\n","protected":false},"excerpt":{"rendered":"<p>Dentro dos pilares da Colabora\u00e7\u00e3o Continua, a Digital Trees desenvolve o conceito de aproxima\u00e7\u00e3o aos seus colaboradores, parceiros, clientes e amigos, com intuito de promover intera\u00e7\u00e3o<span class=\"excerpt-hellip\"> [\u2026]<\/span><\/p>\n","protected":false},"author":1,"featured_media":0,"parent":0,"menu_order":0,"comment_status":"closed","ping_status":"closed","template":"","meta":[],"_links":{"self":[{"href":"https:\/\/www.digitaltrees.org\/index.php\/wp-json\/wp\/v2\/pages\/1021"}],"collection":[{"href":"https:\/\/www.digitaltrees.org\/index.php\/wp-json\/wp\/v2\/pages"}],"about":[{"href":"https:\/\/www.digitaltrees.org\/index.php\/wp-json\/wp\/v2\/types\/page"}],"author":[{"embeddable":true,"href":"https:\/\/www.digitaltrees.org\/index.php\/wp-json\/wp\/v2\/users\/1"}],"replies":[{"embeddable":true,"href":"https:\/\/www.digitaltrees.org\/index.php\/wp-json\/wp\/v2\/comments?post=1021"}],"version-history":[{"count":3,"href":"https:\/\/www.digitaltrees.org\/index.php\/wp-json\/wp\/v2\/pages\/1021\/revisions"}],"predecessor-version":[{"id":1024,"href":"https:\/\/www.digitaltrees.org\/index.php\/wp-json\/wp\/v2\/pages\/1021\/revisions\/1024"}],"wp:attachment":[{"href":"https:\/\/www.digitaltrees.org\/index.php\/wp-json\/wp\/v2\/media?parent=1021"}],"curies":[{"name":"wp","href":"https:\/\/api.w.org\/{rel}","templated":true}]}}